4/70. Suppose x*r - 15*r = -1620. What is the units digit of r?
8
Let k = -73 - -73. Suppose 2*c - 49 + 7 = 0. Let o = k + c. What is the units digit of o?
1
Let t = 72 + 1307. What is the hundreds digit of t?
3
Let g(z) = 6*z**2 + 3*z + 74. What is the hundreds digit of g(-12)?
9
Let t = -160 - -358. Suppose -4*n + j + 215 = -49, 3*n + 3*j = t. What is the units digit of n?
6
Let r(j) = j**2 - 16*j - 23. Let v be r(15). Let q = 15 + -13. Let f = q - v. What is the tens digit of f?
4
Suppose 5*x + 374 = d - 993, 3*x = 5*d - 6791. What is the units digit of d?
7
Let q(p) = 121 + 0*p + 0*p + 110 - 3*p. What is the hundreds digit of q(0)?
2
Let f(z) = -16*z + 10. Let d(o) = o - 1. Let y(h) = -5*d(h) + f(h). What is the tens digit of y(-4)?
9
Suppose -421 - 113 = -6*s. Let p = s + -50. What is the units digit of p?
9
Let d(b) = b**2 + 4*b + 1. Let w be d(-2). Let g be (-2)/w*3 + 0. Suppose -g*y + 48 = 10. What is the units digit of y?
9
Suppose 3*h - 15 = 0, -f + 3*h = 3*f - 1. Let n = f - -20. What is the units digit of n?
4
Let u = 1 - 7. Let k be ((-74)/4)/(3/u). Let m = -20 + k. What is the tens digit of m?
1
Let o = 4 - -9. Let m(n) be the second derivative of n**3/6 - 5*n**2 + 4*n - 2. What is the units digit of m(o)?
3
Suppose 4*d = -3*c - 1753 + 7629, 0 = -2*d + 5*c + 2912. What is the hundreds digit of d?
4
Let m = -1428 + 2800. What is the hundreds digit of m?
3
Suppose -h - 6 = -4*h, 3*u + 3 = 3*h. Suppose 0 = -3*a + 7*a. What is the units digit of u*a/(-1) - -3?
3
Let k = 352 + -32. What is the tens digit of k?
2
Let s(k) = k + 11*k**2 - k**3 - 11*k**2 + 4*k**3 + 2. What is the tens digit of s(2)?
2
Suppose 0 = -j - 5*u - 16, 16 = 5*j - 5*u + 6*u. Suppose -p - j = p. What is the tens digit of (p + 3)*69/3?
2
Suppose -959*l + 3017 = -952*l. What is the tens digit of l?
3
Suppose u = -5*r + 3209, -4*u + 12779 = -2*r + 3*r. What is the thousands digit of u?
3
Let w = 1667 - 320. What is the thousands digit of w?
1
Let t(n) = n**3 - 8*n**2 + 10*n + 3. Let v be t(7). Suppose 48 = 4*u + 3*r, 4*u - 5*r - v = -2*r. Let h = 23 - u. What is the tens digit of h?
1
Let a(l) be the second derivative of -4*l**3/3 - 9*l**2/2 - 3*l. Let s be (4 - 6) + 2*-2. What is the tens digit of a(s)?
3
Suppose 10 = 3*j - j. Suppose j*u = -34 - 26. What is the units digit of (-444)/(-9) - u/(-9)?
8
Let a(j) = -595*j - 295. What is the tens digit of a(-3)?
9
Suppose -15*g = -17*g + 1126. What is the tens digit of g?
6
Let a(g) = -g**3. Suppose 0 = 2*y + 3*y. Let m be a(y). Suppose -4*t + 8 = m, 2*t + 0*t = -4*b + 8. What is the units digit of b?
1
Let m be 18/6 + 284 + 4. What is the tens digit of (-3*m/(-27))/((-5)/(-15))?
9
Let o(m) = 18*m - 1. Let b be o(-1). Let v = -14 - b. What is the tens digit of (-366)/(-15) - 2/v?
2
Suppose -f + 37 = -6*f - 3*p, 5*f - 2*p + 17 = 0. Let b(h) = -2*h - 5 + 2*h**2 - 5*h**2 + 4*h**2. What is the tens digit of b(f)?
3
Let x = 1323 - 212. What is the thousands digit of x?
1
Suppose 12 = 4*h + 4. Let z be (-31)/(h/8*4). What is the tens digit of 4 + (-18)/3 - z?
2
Let c = 772 + -157. What is the tens digit of c?
1
Suppose -3*f = -2*a - 6637 + 2145, -5*f + 7489 = -a. What is the tens digit of f?
9
Let d(f) = -26*f + 67. What is the hundreds digit of d(-19)?
5
Suppose 845 = -6*o + 269. What is the tens digit of -5*((-6)/(-20))/(6/o)?
2
Let u = 34 + -117. Let l = u + 128. What is the units digit of l?
5
Suppose 0*b + 4*b - 16 = 0. Suppose 2*s - 4 = b. Suppose s*v - 10 = -0*v - 3*y, -y - 18 = -4*v. What is the units digit of v?
4
Let l(y) = 17*y**2 + 5*y - 7. Let m be l(3). Let g = m - 89. What is the tens digit of g?
7
Let t(w) = -w**2 + 8*w + 14. Let i be t(9). Suppose 4 = 2*u + i*m + 17, -4*m - 17 = -5*u. What is the tens digit of (-2 + u)*(-36 + 1)?
3
Let t(p) = -25*p - 52. What is the hundreds digit of t(-18)?
3
Suppose 4*g - 46 - 826 = -4*f, -5*g + 1069 = -2*f. What is the tens digit of g?
1
Suppose 0 = 2*d + 4*x - 235 - 315, 0 = -3*d - 4*x + 819. What is the units digit of d?
9
Suppose 0 = -26*x + 21*x + 610. Suppose 0 = -4*u + 14 + x. What is the tens digit of u?
3
Let l(q) = q**3 - q + 100. Suppose -2*o - 2*h = 4, -2*o + 1 = -3*h - 5. What is the hundreds digit of l(o)?
1
Let w(n) = -4*n + 18. Let s be w(4). What is the tens digit of s/(-4)*(-111 - -13)?
4
Let i be (-6*1)/3 - -5. Let w be 44 + 1 + 2 + -4. Suppose -i*h + 41 = -w. What is the tens digit of h?
2
Let b(l) = 70*l - 478. What is the thousands digit of b(39)?
2
Let w = 530 - 368. What is the units digit of w?
2
Let h(w) = 12*w + 13 - 5*w + 14*w. Let b be h(7). Suppose 4*n + 7*l = 3*l + 136, 5*n - b = 5*l. What is the units digit of n?
3
Suppose 2*j = 172 - 46. Suppose -i + 2*u = 5*u - 64, -4*u + j = i. What is the tens digit of i?
6
Let t = 1667 - 1193. What is the tens digit of t?
7
Suppose -a + 2*z = -0*z - 454, 0 = -3*a + 4*z + 1368. What is the units digit of a?
0
Let z = 96 + -112. What is the hundreds digit of (-1)/4 - 1700/z?
1
Let t be (8/(-5))/((-21)/(-420)). What is the tens digit of 567/4 - 1 - 8/t?
4
Let x = 463 + 710. What is the tens digit of x?
7
Suppose 10*w = 5*w + 20, -2*n - 328 = 3*w. Let v = n + 278. What is the tens digit of v?
0
Let z(y) = 82*y - 260. What is the units digit of z(27)?
4
Let r = 1835 - 1025. Suppose -42 = -4*m + r. What is the hundreds digit of m?
2
Let b(y) = 67*y + 45. What is the tens digit of b(4)?
1
Let w = 77 - -146. What is the hundreds digit of w?
2
Let b(z) = -3*z**2 - 2*z**3 + 7 - 5*z**3 + 6*z**3 + 14*z**2 - 2*z. Let x be b(11). What is the units digit of 3/(-2)*370/x?
7
Suppose 4*b - 17348 = 4*s, -3*s + 0*s = -9. What is the thousands digit of b?
4
Let c(r) = -r**3 + 6*r**2 + 6*r + 3. Let a(v) = v + 2. Let m be a(-5). What is the tens digit of c(m)?
6
Let w(u) = -u**3 - 20*u**2 - 23*u - 2. What is the units digit of w(-20)?
8
What is the units digit of ((-6)/(-3))/10 + 54032/40?
1
Suppose w + 21 = 4*h + 8, 2*w = 5*h - 17. Suppose f + 7 + 12 = 5*x, x = h. What is the units digit of ((-68)/3)/(f/6)?
4
Let l(q) = -2*q**3 - 11*q**2 + 7*q + 5. Let x be l(-6). What is the tens digit of 42*(74/14 + x)?
8
Let s(l) = -l**3 + 13*l**2 + 13*l - 7. What is the units digit of s(9)?
4
Suppose 0 = -3*x + 14*x - 17347. What is the thousands digit of x?
1
Suppose -3*w - 101 = 34. Let g(r) = -20*r - 3. Let a be g(-4). Let f = a + w. What is the tens digit of f?
3
Suppose 2*j - 60 = 4*z + 12, -z = -2*j + 75. What is the units digit of j?
8
Suppose 4 = -m - 0. Let o = m + -8. What is the units digit of 378/(-12)*o/7?
4
Suppose 2*m - 2*o - 1420 = -0*m, 15 = -3*o. Suppose -6*s = -3*s - m. What is the hundreds digit of s?
2
Suppose 5*x = -2*i - 10, -i + 4*x + 8 = -0*i. Suppose -10*g + 5*g + 280 = i. Suppose -4*r = -g + 16. What is the units digit of r?
0
Let m = 66 + -61. Suppose -3 = -o, 4*p - 297 = p - m*o. What is the tens digit of p?
9
Let i = -4 + 24. Let r = 15 - i. What is the units digit of 36 + 3 - (1 + r)?
3
Let o(i) = 8*i - 55. Let n be o(7). What is the tens digit of 684/9*n/4?
1
Let n(w) = w**3 - 16*w**2 + 18*w - 21. Let q be n(15). Let y = q + 36. What is the tens digit of y?
6
Let r = 69 - 79. What is the hundreds digit of 0 + 6/r - 2092/(-20)?
1
Suppose 9*f - 63 = 6*f. What is the units digit of (-56)/f*(-28 - 2)?
0
Let m(d) = -d**3 + 13*d**2 - 6*d + 9. Let l be 2*((-6)/(-9) - 34/(-12)). What is the hundreds digit of m(l)?
2
Let n(h) = 12*h**2 - 17*h + 77. What is the tens digit of n(12)?
0
What is the tens digit of (-18)/(-8) + 877610/152?
7
What is the units digit of (-20)/(-8) - 10/(80/(-40564))?
3
What is the thousands digit of 75837/(3 + 14) - (6 - -1)?
4
Let q(p) = -64*p - 1. Let m be q(-2). Let a = 398 - m. What is the tens digit of a?
7
Suppose -v + 2*l - 6*l = -845, 4*v = 4*l + 3440. What is the hundreds digit of v?
8
Let i(c) = 64*c + 271. What is the hundreds digit of i(22)?
6
Suppose -w = 3*r + 15, 4*w - 3*w - 15 = 3*r. Let o(v) = v**2 + v - 2. What is the units digit of o(r)?
8
Let v = -226 - -464. Let h = v + -137. What is the units digit of h?
1
Let w(i) = 1232*i - 240. What is the hundreds digit of w(4)?
6
What is the thousands digit of 4541 - -15*4/12?
4
Suppose 289 - 1657 = -9*w. Suppose -w = -14*r + 10*r. What is the units digit of r?
8
Let s(f) = f - 32. Let l be s(15). Let a = l - -68. What is the t